 of 3 and u?
3
Let v(p) = 3*p**2 - 2*p - 1. Let s be v(2). Let c be s*(-7)/((-49)/6). Suppose 0 = d + 2*d - 27. Calculate the highest common divisor of c and d.
3
Let a = -3 + 4. Let q be ((0 + -23)*2)/a. Let b = q + 101. What is the highest common divisor of b and 11?
11
Suppose 0 = 2*d - 5*j - 55, 3*d - j - 86 = 3*j. What is the highest common divisor of 90 and d?
30
Suppose -4*d + 3*d + 2*s = 14, 4*d = -3*s - 1. Let j be (-40 + 6)*2/d. Suppose 5*b - 408 = 2*b. What is the greatest common factor of j and b?
17
Suppose 2*d = d + 4. Let c = -35 - -63. What is the highest common factor of d and c?
4
Let i = 108 + -76. Calculate the highest common divisor of 32 and i.
32
Let k(c) = 8*c. Let r be k(2). Let s be (8/(-6))/(3/(-18)). What is the highest common divisor of s and r?
8
Suppose m = -x + 12, 2*m - 5*x + 8 = 3*m. Let i = m + 5. What is the greatest common factor of 2 and i?
2
Suppose -o = 4*z - 20, 3*o + 6*z = z + 60. Suppose 0 = -8*j + 10*j - o. Calculate the greatest common divisor of 70 and j.
10
Let g(u) = u - 1. Let q(j) = 4*j**2 - j + 1. Let c be q(1). Suppose 3*k - c*k = -3. Let l be g(k). What is the highest common factor of l and 22?
2
Let j(d) = -8*d - 2. Let s(v) = -v**3 - 6*v**2 - 5*v - 2. Let r be s(-5). Let k be j(r). Calculate the highest common factor of k and 7.
7
Let r(d) = d + 7. Let v be r(6). Let f = 3 - -101. What is the highest common divisor of f and v?
13
Let p(g) = -g**2 + 20*g - 22. Let s be p(16). Calculate the greatest common factor of 14 and s.
14
Suppose 4*h = 2*y - 14, 5*y - 2*h = h + 21. Let o be 19/5 - (-7)/35. Let u = o - -5. What is the greatest common factor of y and u?
3
Suppose 0 = -6*m + 2*m + 52. Let d = 310 - 219. What is the highest common factor of m and d?
13
Let x be 516/8 - (-4)/8. Let u(t) = 2 + 2*t**2 - 2*t - t**2 + 3. Let k be u(4). Calculate the highest common factor of x and k.
13
Let o(m) = -m**3 + 7*m**2 + 10*m - 10. Let s be o(7). Calculate the highest common divisor of s and 12.
12
Suppose -6*u + 2*s - 16 = -7*u, 2*s = -4*u + 52. What is the greatest common divisor of 24 and u?
12
Suppose -25*h + 23*h = -176. Calculate the highest common factor of 132 and h.
44
Suppose 5*x + d - 16 = 2*x, -3*d + 3 = 0. Suppose 8*b + x*n = 4*b + 21, 3 = 3*n. Suppose -b*h = h - 60. What is the highest common divisor of h and 30?
6
Let c be (4 - 6) + 137 + 0. Suppose c = -m + 6*m. What is the greatest common divisor of 9 and m?
9
Let c(k) = -k**2 - 4*k + 4. Let i be c(-5). Let m be 5*(-3 - (i + -5)). Calculate the greatest common factor of 105 and m.
15
Suppose 5*h + 2*c = 73, h - 6*h + 57 = -2*c. Let z = h + -9. What is the greatest common divisor of z and 8?
4
Let y(z) = -z**2 + 5*z + 4. Suppose 0 = -3*u + 13 + 2. Let t be y(u). Suppose -t*h = -38 - 2. What is the highest common factor of h and 2?
2
Let q = 43 - 31. Let f be 1/((-1)/(-72)) + 0. What is the highest common divisor of q and f?
12
Suppose 5*u + 5*c - 15 = 0, 15 = -2*u + 7*u + 2*c. Let r(j) = j**2 + 5*j. Let i be r(-8). What is the greatest common divisor of u and i?
3
Suppose 4 = m - 0*m. Suppose -m*q + 70 = q. What is the greatest common divisor of 2 and q?
2
Let q(y) = y**2 - 1. Let j be q(13). What is the highest common factor of 42 and j?
42
Suppose -5*k - 5*d = -1040, 4*d - 3*d - 835 = -4*k. What is the greatest common divisor of 19 and k?
19
Let x(w) = w**3 - w**2. Let s(a) = -6*a**3 + 12*a**2 - a - 4. Let l(d) = -s(d) - 5*x(d). Let r be l(7). Calculate the highest common divisor of r and 88.
11
Let m(k) = -k**2 - 8*k. Let g be m(-5). Let o = 344 + -224. What is the greatest common divisor of o and g?
15
Suppose 18*z + 25 = 23*z. What is the highest common divisor of z and 40?
5
Let s = 18 - 12. Suppose -24 = -4*p + 2*a, -2*p + 4*a + 24 = -0*p. Calculate the greatest common divisor of p and s.
2
Suppose -c - 3 + 0 = 0. Let z = 6 - c. What is the greatest common divisor of 45 and z?
9
Let s = 13 - -14. Calculate the greatest common divisor of s and 135.
27
Let o be 105/(-20)*8/(-2). Calculate the greatest common divisor of 3 and o.
3
Suppose -6*t + 845 = -955. What is the highest common divisor of 25 and t?
25
Let q = -14 + 1. Let a = 0 - q. Suppose 3*d = -4*l + 35, 2*d + 8*l - 22 = 4*l. Calculate the greatest common factor of a and d.
13
Let w be 2/5 - 3730/(-50). Suppose -1 = -j + 2, 0 = 4*v + j - w. Calculate the greatest common factor of v and 2.
2
Let y = -104 + 155. Suppose r - 103 = -3*w, -4*r = -4*w + 5*w - 38. What is the greatest common divisor of w and y?
17
Let x(q) be the first derivative of -q**4/4 + 2*q**3 + 3*q**2/2 + q + 1. Let u be x(6). Suppose 3*w - u = 17. What is the highest common factor of w and 6?
6
Let j be (-2)/(4/(-54)) + 3. Calculate the highest common factor of j and 270.
30
Suppose 0 = -4*m - t - 38 + 90, m = -2*t + 20. Calculate the greatest common divisor of m and 24.
12
Let v = 31 + -4. Suppose -2*d - 4*d + 54 = 0. Calculate the highest common divisor of d and v.
9
Let s(t) = 5*t**2 + 1. Let x be s(-1). Let f = 7 - x. Calculate the highest common divisor of 1 and f.
1
Let b be 5 + (-20)/4 + 3. Suppose -3*v + z + 40 = 0, -b*z - 26 = -v - 10. What is the greatest common divisor of 130 and v?
13
Let i be 32/(-6)*21/(-2). Let u be 0 + 5 + (4 - 1). What is the greatest common divisor of i and u?
8
Suppose p - 86 = -8. Let s = p - 54. Calculate the highest common factor of s and 16.
8
Let y be 32/3 - (-2)/(-3). Let f(s) = -s**3 - 9*s**2 + 3. Let n be f(-9). Suppose 2*w - n*w = -90. Calculate the highest common factor of w and y.
10
Let o be (-2)/7 + 1012/14. What is the highest common divisor of o and 9?
9
Let w = 52 + -43. Calculate the highest common divisor of w and 153.
9
Suppose 28 + 2 = s. Let h be s*(0 + (-36)/(-10)). Suppose q - 6*q = 3*o - 61, -34 = -2*o - 2*q. What is the highest common factor of h and o?
12
Let l = 5 - 3. Suppose 4*n - 144 = 4*q, -q - 111 = -l*n - 35. Let a = -25 - -41. What is the greatest common factor of a and n?
8
Let b = -9 - -23. Let q be (-22)/(-2)*1*b. Suppose 440 = 23*i + 118. Calculate the greatest common divisor of i and q.
14
Let b(l) = -2*l**3 + 4*l + 4. Let v be b(-2). Let o = 30 - 17. Suppose 5 = 4*y - 4*m + o, -3*y = -5*m + v. Calculate the highest common divisor of 5 and y.
1
Suppose 0 = 4*g - 0 - 12. Let n be (0 + -1)/(g/(-63)). Suppose 0 = 5*q - 34 - 1. What is the highest common divisor of q and n?
7
Suppose 2*o + 124 = 4*b, -2*b - 5*o + 78 = -2*o. Calculate the highest common factor of 44 and b.
11
Let z be (-16)/(-56) + (-766)/(-14). What is the greatest common factor of 11 and z?
11
Suppose 2*a = 4*r - 0*a - 120, 5*a - 90 = -3*r. Calculate the greatest common factor of 12 and r.
6
Let q(o) = -2*o - 3. Suppose 10 + 0 = 2*f. Suppose -4*m + 4*i + i = 11, 5*m = f*i - 20. Let b be q(m). Calculate the greatest common divisor of b and 5.
5
Let a = -504 + 333. Let b = 281 + a. Calculate the highest common factor of 10 and b.
10
Suppose 3*t = -5*d + 42, 4*t + 6 = -3*d + 40. What is the highest common divisor of d and 96?
6
Let u = 10 - 6. Suppose 2*h = 3*l - 30 - 54, 3*h = -9. Suppose 2*p + l = k + 4, -19 = -k + p. What is the greatest common factor of u and k?
4
Let d(k) = k**3 + 3*k**2 - 5*k + 3. Let s be d(-4). What is the highest common divisor of 7 and s?
7
Suppose h + 1 = -2*l - 0*l, -l - 5*h + 22 = 0. Let r be 2/(-3) + (-338)/l. Calculate the greatest common factor of 14 and r.
14
Let d be (8 + -3)*3/3. Let b be 296/10 - (-2)/d. Let y be (-46)/(-8) - (-3)/12. Calculate the greatest common divisor of y and b.
6
Suppose 5*a - 13 = -3. Suppose -5*o + 6 = a*f - 29, -25 = -f - o. Suppose 3*g - 6*g + f = 0. Calculate the highest common factor of 110 and g.
10
Suppose 4*a = y + 5*a - 5, -2*y - a + 9 = 0. Let x be 2/(-4)*-1*y. Suppose -2*i = -3*d + 2*i + 20, -18 = -5*d - i. What is the highest common factor of d and x?
2
Let g(r) = r**2 + 6*r + 8. Suppose b - 2*d - 1 = 0, -4*b + d + 1 = 4. Let y be b + 1 + (-6)/1. Let t be g(y). Calculate the highest common factor of 72 and t.
8
Suppose 565 = 3*b + 229. What is the greatest common divisor of b and 7?
7
Let y(f) = -f**2 + 7*f - 6. Let d be y(6). Suppose -b + 24 + 95 = d. Calculate the greatest common factor of b and 17.
17
Suppose -u + z = -2*z - 13, -4*u + 52 = -2*z. Let j = -19 + u. Let v be 3 + j/(3 + -5). Wha